at is the remainder when 1327237 is divided by 165893?
93
What is the remainder when 1878546 is divided by 626180?
6
Calculate the remainder when 649432 is divided by 16651.
43
Calculate the remainder when 81724317 is divided by 4640.
4637
Calculate the remainder when 9405 is divided by 358.
97
What is the remainder when 34578 is divided by 1065?
498
What is the remainder when 89183 is divided by 1191?
1049
Calculate the remainder when 7717759 is divided by 1265.
1259
Calculate the remainder when 2502402 is divided by 15.
12
Calculate the remainder when 5539244 is divided by 167.
21
What is the remainder when 441434 is divided by 296?
98
What is the remainder when 19239338 is divided by 57090?
8
What is the remainder when 203013 is divided by 741?
720
What is the remainder when 52746659 is divided by 381?
257
What is the remainder when 47254 is divided by 7450?
2554
What is the remainder when 441703726 is divided by 73?
71
What is the remainder when 18003762 is divided by 19?
8
Calculate the remainder when 25889 is divided by 9.
5
What is the remainder when 123154 is divided by 85?
74
Calculate the remainder when 10123876 is divided by 2024770.
26
Calculate the remainder when 15137 is divided by 179.
101
What is the remainder when 235497417 is divided by 45?
42
What is the remainder when 11734844 is divided by 1604?
1584
What is the remainder when 29396077 is divided by 5728?
5709
What is the remainder when 11331961 is divided by 85202?
95
Calculate the remainder when 100851 is divided by 100540.
311
What is the remainder when 27651 is divided by 2723?
421
Calculate the remainder when 1076227 is divided by 2684.
2627
What is the remainder when 549097 is divided by 274544?
9
Calculate the remainder when 5037153 is divided by 8480.
33
Calculate the remainder when 1031858 is divided by 3071.
2
Calculate the remainder when 131490 is divided by 9368.
338
Calculate the remainder when 4514569 is divided by 12.
1
What is the remainder when 14234006 is divided by 46?
42
Calculate the remainder when 502109 is divided by 135.
44
Calculate the remainder when 11443396 is divided by 476808.
4
Calculate the remainder when 5171756 is divided by 20687.
6
What is the remainder when 30224991 is divided by 7800?
7791
Calculate the remainder when 859859 is divided by 286617.
8
Calculate the remainder when 768294 is divided by 256021.
231
What is the remainder when 391728 is divided by 109?
91
Calculate the remainder when 199170 is divided by 234.
36
Calculate the remainder when 5291973 is divided by 3000.
2973
Calculate the remainder when 568215 is divided by 11.
10
What is the remainder when 5348212 is divided by 1413?
7
What is the remainder when 225800324 is divided by 52?
48
What is the remainder when 14121 is divided by 2208?
873
Calculate the remainder when 79159 is divided by 1946.
1319
Calculate the remainder when 9549162 is divided by 171.
9
What is the remainder when 3461922 is divided by 8223?
39
Calculate the remainder when 1114246 is divided by 6026.
5462
What is the remainder when 3819295 is divided by 851?
7
Calculate the remainder when 916262 is divided by 35237.
100
Calculate the remainder when 115709260 is divided by 3745.
3740
What is the remainder when 1355632 is divided by 4643?
4519
Calculate the remainder when 105907423 is divided by 7.
6
Calculate the remainder when 5021115 is divided by 8045.
1035
What is the remainder when 4079972 is divided by 1888?
4
Calculate the remainder when 781414 is divided by 91.
88
Calculate the remainder when 12616840 is divided by 11.
5
What is the remainder when 6970178 is divided by 114265?
13
Calculate the remainder when 19737862 is divided by 16.
6
Calculate the remainder when 2292846 is divided by 69479.
39
What is the remainder when 209244 is divided by 69581?
501
What is the remainder when 527970 is divided by 131021?
3886
What is the remainder when 12231045 is divided by 1336?
1301
Calculate the remainder when 2683931 is divided by 14.
5
Calculate the remainder when 4322146 is divided by 9437.
0
Calculate the remainder when 305082 is divided by 27177.
6135
Calculate the remainder when 8126672 is divided by 2708872.
56
What is the remainder when 1351304 is divided by 1351304?
0
What is the remainder when 41714 is divided by 2614?
2504
Calculate the remainder when 688307 is divided by 625.
182
What is the remainder when 52610021 is divided by 39?
35
Calculate the remainder when 6755152 is divided by 81.
76
What is the remainder when 1653436 is divided by 784?
764
Calculate the remainder when 3186917 is divided by 34.
29
What is the remainder when 543464 is divided by 105?
89
Calculate the remainder when 374974600 is divided by 47.
46
Calculate the remainder when 2203160 is divided by 2922.
2894
What is the remainder when 3736945 is divided by 787?
269
Calculate the remainder when 597868 is divided by 33212.
52
What is the remainder when 699743579 is divided by 29?
27
What is the remainder when 29069673 is divided by 4844944?
9
Calculate the remainder when 3910379 is divided by 46552.
11
What is the remainder when 2650763 is divided by 3186?
11
What is the remainder when 8918 is divided by 3531?
1856
Calculate the remainder when 1817557 is divided by 86549.
28
What is the remainder when 4475298 is divided by 1059?
1023
What is the remainder when 5301223 is divided by 816?
487
What is the remainder when 2192324 is divided by 730734?
122
Calculate the remainder when 163103 is divided by 1011.
332
What is the remainder when 14812 is divided by 594?
556
Calculate the remainder when 19049834 is divided by 13.
11
What is the remainder when 29557 is divided by 3233?
460
Calculate the remainder when 1228524 is divided by 4251.
4236
What is the remainder when 109086 is divided by 13615?
166
What is the remainder when 3910510 is divided by 172?
90
Calculate the remainder when 2376 is divided by 474.
6
What is the remainder when 228432 is divided by 1780?
592
Calculate the remainder when 127326151 is divided by 42442046.
13
What is the remainder when 3562752 is divided by 375?
252
What is the remainder when 51839657 is divided by 343?
9
Calculate the remainder when 144988465 is divided by 34.
21
Calculate the remainder when 13337116 is divided by 1323.
1276
What is the remainder when 1404746 is divided by 13638?
32
Calculate the remainder when 1199163 is divided by 7451.
7003
What is the remainder when 17146482 is divided by 7481?
30
Calculate the remainder when 694090 is divided by 2788.
2666
Calculate the remainder when 3472746 is divided by 75490.
206
Calculate the remainder when 208776 is divided by 14909.
50
Calculate the remainder when 33175 is divided by 10730.
985
What is the remainder when 82566 is divided by 13752?
54
Calculate the remainder when 15234031 is divided by 6953.
8
Calculate the remainder when 27249209 is divided by 3177.
80
What is the remainder when 150277 is divided by 49906?
559
What is the remainder when 3229598 is divided by 220?
218
Calculate the remainder when 1480727 is divided by 370179.
11
Calculate the remainder when 8277692 is divided by 32.
28
Calculate the remainder when 29348613 is divided by 794.
785
Calculate the remainder when 30922 is divided by 9959.
1045
What is the remainder when 62317 is divided by 32?
13
What is the remainder when 76142 is divided by 3683?
2482
What is the remainder when 9445274 is divided by 1520?
1514
What is the remainder when 2198120 is divided by 91586?
56
What is the remainder when 10201986 is divided by 130?
106
What is the remainder when 21739938 is divided by 12?
6
Calculate the remainder when 1003720 is divided by 643.
640
Calculate the remainder when 4398624 is divided by 3576.
144
Calculate the remainder when 1347935 is divided by 48.
47
Calculate the remainder when 21472425 is divided by 61.
59
What is the remainder when 1880701 is divided by 64851?
22
Calculate the remainder when 167067 is divided by 55605.
252
Calculate the remainder when 1182378 is divided by 14244.
126
Calculate the remainder when 10579116 is divided by 460.
36
Calculate the remainder when 10974431 is divided by 3450.
3431
Calculate the remainder when 766407 is divided by 25546.
27
What is the remainder when 1475942 is divided by 1789?
17
What is the remainder when